{"id":463,"date":"2020-02-17T14:23:03","date_gmt":"2020-02-17T14:23:03","guid":{"rendered":"https:\/\/teico44.com\/?page_id=463"},"modified":"2023-01-08T05:45:21","modified_gmt":"2023-01-08T05:45:21","slug":"vt-2-09","status":"publish","type":"page","link":"https:\/\/teico44.com\/?page_id=463","title":{"rendered":"Umbau VT 2.09"},"content":{"rendered":"<p>[et_pb_section fb_built=&#8220;1&#8243; _builder_version=&#8220;4.16&#8243; global_colors_info=&#8220;{}&#8220;][et_pb_row _builder_version=&#8220;4.16&#8243; max_width=&#8220;950px&#8220; global_colors_info=&#8220;{}&#8220;][et_pb_column type=&#8220;4_4&#8243; _builder_version=&#8220;4.16&#8243; global_colors_info=&#8220;{}&#8220;][et_pb_text _builder_version=&#8220;4.16&#8243; global_colors_info=&#8220;{}&#8220;]<\/p>\n<h1><span style=\"color: #000000;\"><strong>Umbau des Triebwagens VT 2.09 (Brawa-neu)<\/strong><\/span><\/h1>\n<p><span style=\"color: #000000;\"><strong><\/strong><\/span><\/p>\n<p><span style=\"color: #000000;\"><strong><\/strong><\/span><\/p>\n<p><span style=\"color: #000000;\">Die Funktion der stromf\u00fchrenden Kupplung ist bei meinem Modell nicht zufriedenstellend, die Innenbeleuchtung flackert st\u00e4ndig. Trotz des Einsatzes zweier Motorwagen flackern die Innenbeleuchtungen der beiden Motorwagen auch noch unterschiedlich. Dies ist f\u00fcr mich ein Zeichen, das der\u00a0Schleifer der stromf\u00fchrenden Kupplung\u00a0nicht richtig funktioniert. Beim Durchmessen der Verbindungen mit einem Durchgangspr\u00fcfer stellte ich weiterhin fest, das es innerhalb der einzelnen Motorwagen\u00a0auch zu Unterbrechungen f\u00fcr die Stromabnahme vom Gleis kommt.<\/span><\/p>\n<h5><span style=\"color: #000000;\"><strong>Folgender Umbau ist vorgesehen<\/strong><\/span><\/h5>\n<p><span style=\"color: #000000;\"><strong><\/strong><\/span><\/p>\n<p><span style=\"color: #000000;\">Deaktivierung der stromf\u00fchrenden Kupplung und Einsatz dieser als normale Kuppelstange. Herstellen einer sicheren Verbindung innerhalb der Motorwagen und Einbau einer zweiadrigen Leitung (Decoderlitze) zwischen den beiden Motorwagen.<\/span><\/p>\n<p>[\/et_pb_text][\/et_pb_column][\/et_pb_row][et_pb_row _builder_version=&#8220;4.16&#8243; max_width=&#8220;950px&#8220; global_colors_info=&#8220;{}&#8220;][et_pb_column type=&#8220;4_4&#8243; _builder_version=&#8220;4.16&#8243; global_colors_info=&#8220;{}&#8220;][et_pb_image src=&#8220;https:\/\/teico44.com\/wp-content\/uploads\/2020\/02\/VT209-01.jpg&#8220; _builder_version=&#8220;4.16&#8243; global_colors_info=&#8220;{}&#8220;][\/et_pb_image][\/et_pb_column][\/et_pb_row][et_pb_row _builder_version=&#8220;4.16&#8243; max_width=&#8220;950px&#8220; global_colors_info=&#8220;{}&#8220;][et_pb_column type=&#8220;4_4&#8243; _builder_version=&#8220;4.16&#8243; global_colors_info=&#8220;{}&#8220;][et_pb_text _builder_version=&#8220;4.16&#8243; global_colors_info=&#8220;{}&#8220;]<\/p>\n<p><span style=\"color: #000000;\">Zuerst werden die beiden Geh\u00e4use der Modelle (Motorwagen, bzw. Beiwagen oder Steuerwagen) laut Betriebsanleitung\u00a0abgenommen. Anschlie\u00dfend werden die jeweiligen Verkleidungen (Unterboden) ausgeklipst. Wenn dies erledigt ist, werden die jeweiligen Kontaktfahnen (2 St\u00fcck hinten am Kupplungsadapter) mit einem Seitenschneider gek\u00fcrzt. Hier ist darauf zu achten, das diese sich nicht ber\u00fchren ! \u00a0Jetzt werden die mit einem roten Pfeil markierten Kontaktbleche miteinander verl\u00f6tet.<\/span><\/p>\n<p>[\/et_pb_text][\/et_pb_column][\/et_pb_row][et_pb_row _builder_version=&#8220;4.16&#8243; _module_preset=&#8220;default&#8220; global_colors_info=&#8220;{}&#8220;][et_pb_column type=&#8220;4_4&#8243; _builder_version=&#8220;4.16&#8243; _module_preset=&#8220;default&#8220; global_colors_info=&#8220;{}&#8220;][et_pb_image src=&#8220;https:\/\/teico44.com\/wp-content\/uploads\/2020\/02\/VT209-02.jpg&#8220; title_text=&#8220;VT209-02&#8243; _builder_version=&#8220;4.16&#8243; _module_preset=&#8220;default&#8220; global_colors_info=&#8220;{}&#8220;][\/et_pb_image][\/et_pb_column][\/et_pb_row][et_pb_row _builder_version=&#8220;4.16&#8243; _module_preset=&#8220;default&#8220; global_colors_info=&#8220;{}&#8220;][et_pb_column type=&#8220;4_4&#8243; _builder_version=&#8220;4.16&#8243; _module_preset=&#8220;default&#8220; global_colors_info=&#8220;{}&#8220;][et_pb_text _builder_version=&#8220;4.16&#8243; _module_preset=&#8220;default&#8220; global_colors_info=&#8220;{}&#8220;]<\/p>\n<p><span style=\"color: #000000;\">Die Kontaktbleche werden am anderen Ende der Modelle (dort wo der Kupplungsadapter ist)\u00a0auch verl\u00f6tet. Das K\u00fcrzen der Kontaktfahnen an den Kupplungsadaptern kann hier entfallen.<\/span><\/p>\n<p>[\/et_pb_text][\/et_pb_column][\/et_pb_row][et_pb_row _builder_version=&#8220;4.16&#8243; max_width=&#8220;950px&#8220; global_colors_info=&#8220;{}&#8220;][et_pb_column type=&#8220;4_4&#8243; _builder_version=&#8220;4.16&#8243; global_colors_info=&#8220;{}&#8220;][et_pb_image src=&#8220;https:\/\/teico44.com\/wp-content\/uploads\/2020\/02\/VT209-03.jpg&#8220; _builder_version=&#8220;4.16&#8243; global_colors_info=&#8220;{}&#8220;][\/et_pb_image][\/et_pb_column][\/et_pb_row][et_pb_row _builder_version=&#8220;4.16&#8243; max_width=&#8220;950px&#8220; global_colors_info=&#8220;{}&#8220;][et_pb_column type=&#8220;4_4&#8243; _builder_version=&#8220;4.16&#8243; global_colors_info=&#8220;{}&#8220;][et_pb_text _builder_version=&#8220;4.16&#8243; global_colors_info=&#8220;{}&#8220;]<\/p>\n<p><span style=\"color: #000000;\">Hier sind jetzt alle Verbindungen verl\u00f6tet, beim Test mit einem Durchgangspr\u00fcfer d\u00fcrfte es jetzt immer ein Signal geben (Messung vom \u00e4u\u00dferen Rad zum \u00e4u\u00dferen\u00a0Rad). Jetzt werden die vorbereiteten Kabel (Decoderlitze) auf die Kontakte gel\u00f6tet. Damit mu\u00df jetzt eine sichere Verbindung zwischen den beiden Modellen vorhanden sein. Die pr\u00fcft man wieder mit einem Durchgangspr\u00fcfer (Rad linkes Modell &#8211; Rad rechtes Modell). Ist alles in Ordnung, wird durch eine Probefahrt die Funktion gepr\u00fcft. Die Stromabnahme erfolgt jetzt \u00fcber 4 Achsen.<\/span><\/p>\n<p>[\/et_pb_text][\/et_pb_column][\/et_pb_row][et_pb_row column_structure=&#8220;1_2,1_2&#8243; _builder_version=&#8220;4.16&#8243; max_width=&#8220;950px&#8220; global_colors_info=&#8220;{}&#8220;][et_pb_column type=&#8220;1_2&#8243; _builder_version=&#8220;4.16&#8243; global_colors_info=&#8220;{}&#8220;][et_pb_image src=&#8220;https:\/\/teico44.com\/wp-content\/uploads\/2020\/02\/VT209-04.jpg&#8220; _builder_version=&#8220;4.16&#8243; global_colors_info=&#8220;{}&#8220;][\/et_pb_image][\/et_pb_column][et_pb_column type=&#8220;1_2&#8243; _builder_version=&#8220;4.16&#8243; global_colors_info=&#8220;{}&#8220;][et_pb_image src=&#8220;https:\/\/teico44.com\/wp-content\/uploads\/2020\/02\/VT209-05.jpg&#8220; _builder_version=&#8220;4.16&#8243; global_colors_info=&#8220;{}&#8220;][\/et_pb_image][\/et_pb_column][\/et_pb_row][et_pb_row _builder_version=&#8220;4.16&#8243; max_width=&#8220;955px&#8220; global_colors_info=&#8220;{}&#8220;][et_pb_column type=&#8220;4_4&#8243; _builder_version=&#8220;4.16&#8243; global_colors_info=&#8220;{}&#8220;][et_pb_text _builder_version=&#8220;4.16&#8243; global_colors_info=&#8220;{}&#8220;]<\/p>\n<p><span style=\"color: #000000;\">Kommen wir zur Verkleidung (Unterboden).\u00a0<\/span><span style=\"color: #000000;\">Dort wo die Kabelverbindung hergestellt werden soll, mu\u00df der rot markierte Bereich der Verkleidung (Unterboden) f\u00fcr die Kabel ausgeklinkt werden.<\/span><\/p>\n<p>[\/et_pb_text][\/et_pb_column][\/et_pb_row][et_pb_row _builder_version=&#8220;4.16&#8243; max_width=&#8220;950px&#8220; global_colors_info=&#8220;{}&#8220;][et_pb_column type=&#8220;4_4&#8243; _builder_version=&#8220;4.16&#8243; global_colors_info=&#8220;{}&#8220;][et_pb_image src=&#8220;https:\/\/teico44.com\/wp-content\/uploads\/2020\/02\/VT209-06.jpg&#8220; _builder_version=&#8220;4.16&#8243; global_colors_info=&#8220;{}&#8220;][\/et_pb_image][\/et_pb_column][\/et_pb_row][et_pb_row _builder_version=&#8220;4.16&#8243; max_width=&#8220;950px&#8220; global_colors_info=&#8220;{}&#8220;][et_pb_column type=&#8220;4_4&#8243; _builder_version=&#8220;4.16&#8243; global_colors_info=&#8220;{}&#8220;][et_pb_text _builder_version=&#8220;4.16&#8243; global_colors_info=&#8220;{}&#8220;]<\/p>\n<p><span style=\"color: #000000;\">So sollte dann Verkleidung auf der Kabelseite aussehen. An den mit einem roten Pfeil markierten Stellen, ist die Verkleidung mit Sekundenkleber anzukleben. Ich pers\u00f6nlich habe die Verkleidungen weg gelassen, man kommt besser an die R\u00e4der ran. An der anderen Seite des Modells sind keinen \u00c4nderungen notwendig. Jetzt werden die Geh\u00e4use wieder aufgesetzt und der Triebwagen ist wieder einsatzf\u00e4hig.<\/span><\/p>\n<p>[\/et_pb_text][\/et_pb_column][\/et_pb_row][et_pb_row _builder_version=&#8220;4.16&#8243; max_width=&#8220;950px&#8220; global_colors_info=&#8220;{}&#8220;][et_pb_column type=&#8220;4_4&#8243; _builder_version=&#8220;4.16&#8243; global_colors_info=&#8220;{}&#8220;][et_pb_image src=&#8220;https:\/\/teico44.com\/wp-content\/uploads\/2020\/02\/VT209-07.jpg&#8220; _builder_version=&#8220;4.16&#8243; global_colors_info=&#8220;{}&#8220;][\/et_pb_image][\/et_pb_column][\/et_pb_row][et_pb_row _builder_version=&#8220;4.16&#8243; max_width=&#8220;950px&#8220; global_colors_info=&#8220;{}&#8220;][et_pb_column type=&#8220;4_4&#8243; _builder_version=&#8220;4.16&#8243; global_colors_info=&#8220;{}&#8220;][et_pb_text _builder_version=&#8220;4.19.4&#8243; hover_enabled=&#8220;0&#8243; global_colors_info=&#8220;{}&#8220; sticky_enabled=&#8220;0&#8243;]<\/p>\n<h5><span style=\"color: #000000;\"><strong>Update<\/strong><\/span><\/h5>\n<p><span style=\"color: #000000;\"><strong><\/strong><\/span><\/p>\n<p><span style=\"color: #000000;\">Nachdem es immer wieder zu Kontaktaussetzern kam (Motor und Innenbeleuchtung), habe ich die Achslager der beiden Motorwagen ge\u00f6ffnet, die Kontakte mal richtig gereinigt (sehr viel \u00d6l drin gewesen) und habe die Kontakte noch einmal nachgebogen. Die Probefahrt ergab eine wesentliche Verbesserung der Kontaktsicherheit.<\/span><\/p>\n<p><span style=\"color: #000000;\">Ich habe dann den Steuerwagen auch gleich angeschaut und auch hier eine gr\u00fcndliche Reinigung und eine Neujustage der Kontakte vorgenommen. Weiterhin habe ich wie oben beschrieben, alle Federkontakte verl\u00f6tet und zwei Kabel (Decoderlitze) vom zweiten Motorwagen zum Steuerwagen verlegt. Die Probefahrt ergab, es flackerte keine Innenbeleuchtung mehr und die Kontaktsicherheit des Triebwagenzuges ist perfekt.<\/span><\/p>\n<p>[\/et_pb_text][\/et_pb_column][\/et_pb_row][\/et_pb_section]<\/p>\n","protected":false},"excerpt":{"rendered":"<p>Umbau des Triebwagens VT 2.09 (Brawa-neu) Die Funktion der stromf\u00fchrenden Kupplung ist bei meinem Modell nicht zufriedenstellend, die Innenbeleuchtung flackert st\u00e4ndig. Trotz des Einsatzes zweier Motorwagen flackern die Innenbeleuchtungen der beiden Motorwagen auch noch unterschiedlich. Dies ist f\u00fcr mich ein Zeichen, das der\u00a0Schleifer der stromf\u00fchrenden Kupplung\u00a0nicht richtig funktioniert. Beim Durchmessen der Verbindungen mit einem Durchgangspr\u00fcfer [&hellip;]<\/p>\n","protected":false},"author":1,"featured_media":0,"parent":0,"menu_order":0,"comment_status":"closed","ping_status":"closed","template":"","meta":{"_et_pb_use_builder":"on","_et_pb_old_content":"","_et_gb_content_width":"","footnotes":""},"class_list":["post-463","page","type-page","status-publish","hentry"],"_links":{"self":[{"href":"https:\/\/teico44.com\/index.php?rest_route=\/wp\/v2\/pages\/463","targetHints":{"allow":["GET"]}}],"collection":[{"href":"https:\/\/teico44.com\/index.php?rest_route=\/wp\/v2\/pages"}],"about":[{"href":"https:\/\/teico44.com\/index.php?rest_route=\/wp\/v2\/types\/page"}],"author":[{"embeddable":true,"href":"https:\/\/teico44.com\/index.php?rest_route=\/wp\/v2\/users\/1"}],"replies":[{"embeddable":true,"href":"https:\/\/teico44.com\/index.php?rest_route=%2Fwp%2Fv2%2Fcomments&post=463"}],"version-history":[{"count":9,"href":"https:\/\/teico44.com\/index.php?rest_route=\/wp\/v2\/pages\/463\/revisions"}],"predecessor-version":[{"id":4077,"href":"https:\/\/teico44.com\/index.php?rest_route=\/wp\/v2\/pages\/463\/revisions\/4077"}],"wp:attachment":[{"href":"https:\/\/teico44.com\/index.php?rest_route=%2Fwp%2Fv2%2Fmedia&parent=463"}],"curies":[{"name":"wp","href":"https:\/\/api.w.org\/{rel}","templated":true}]}}