{"id":451,"date":"2020-02-17T12:46:35","date_gmt":"2020-02-17T12:46:35","guid":{"rendered":"https:\/\/teico44.com\/?page_id=451"},"modified":"2021-10-09T03:57:37","modified_gmt":"2021-10-09T03:57:37","slug":"umbau-gleisstopfmaschine","status":"publish","type":"page","link":"https:\/\/teico44.com\/?page_id=451","title":{"rendered":"Umbau Gleisstopfmaschine"},"content":{"rendered":"<p>[et_pb_section fb_built=&#8220;1&#8243; _builder_version=&#8220;4.3.2&#8243; global_colors_info=&#8220;{}&#8220;][et_pb_row _builder_version=&#8220;4.3.2&#8243; max_width=&#8220;950px&#8220; global_colors_info=&#8220;{}&#8220;][et_pb_column type=&#8220;4_4&#8243; _builder_version=&#8220;4.3.2&#8243; global_colors_info=&#8220;{}&#8220;][et_pb_text _builder_version=&#8220;4.11.2&#8243; hover_enabled=&#8220;0&#8243; global_colors_info=&#8220;{}&#8220; sticky_enabled=&#8220;0&#8243;]<\/p>\n<h1><span style=\"color: #000000;\"><strong>Umbau der Gleisnivellierstopfmaschine (Hobbytrain) auf LED-Scheinwerfer<\/strong><\/span><\/h1>\n<p><span style=\"color: #000000;\"><strong><\/strong><\/span><\/p>\n<p><span style=\"color: #000000;\"><strong><\/strong><\/span><\/p>\n<p><span style=\"color: #000000;\"><strong>Folgender Umbau war vorgesehen<\/strong><\/span><\/p>\n<p><span style=\"color: #000000;\">Austausch der Gl\u00fchlampen gegen SMD-Leuchtdioden<\/span><\/p>\n<p><span style=\"color: #000000;\"><strong>Folgende Materialien werden ben\u00f6tigt:<\/strong><\/span><\/p>\n<p><span style=\"color: #000000;\"><strong><\/strong><\/span><\/p>\n<ul>\n<li><span style=\"color: #000000;\">2 x SMD-LED wei\u00df 0402 warmwei\u00df<br \/><\/span><\/li>\n<li><span style=\"color: #000000;\">1 x Widerstand 22 kOhm Metallschicht<\/span><\/li>\n<\/ul>\n<p>[\/et_pb_text][\/et_pb_column][\/et_pb_row][et_pb_row _builder_version=&#8220;4.11.1&#8243; _module_preset=&#8220;default&#8220; global_colors_info=&#8220;{}&#8220;][et_pb_column type=&#8220;4_4&#8243; _builder_version=&#8220;4.11.1&#8243; _module_preset=&#8220;default&#8220; global_colors_info=&#8220;{}&#8220;][et_pb_text _builder_version=&#8220;4.11.2&#8243; _module_preset=&#8220;default&#8220; hover_enabled=&#8220;0&#8243; global_colors_info=&#8220;{}&#8220; sticky_enabled=&#8220;0&#8243;]<\/p>\n<h5><span style=\"color: #000000;\"><strong>Umbauanleitung<\/strong><\/span><\/h5>\n<p>[\/et_pb_text][\/et_pb_column][\/et_pb_row][et_pb_row column_structure=&#8220;1_2,1_2&#8243; _builder_version=&#8220;4.3.2&#8243; max_width=&#8220;950px&#8220; global_colors_info=&#8220;{}&#8220;][et_pb_column type=&#8220;1_2&#8243; _builder_version=&#8220;4.3.2&#8243; global_colors_info=&#8220;{}&#8220;][et_pb_image src=&#8220;https:\/\/teico44.com\/wp-content\/uploads\/2020\/02\/GSM-01.jpg&#8220; _builder_version=&#8220;4.3.2&#8243; global_colors_info=&#8220;{}&#8220;][\/et_pb_image][\/et_pb_column][et_pb_column type=&#8220;1_2&#8243; _builder_version=&#8220;4.3.2&#8243; global_colors_info=&#8220;{}&#8220;][et_pb_text _builder_version=&#8220;4.11.1&#8243; global_colors_info=&#8220;{}&#8220;]<\/p>\n<p><span style=\"color: #000000;\">Wir arbeiten hier am kleinen F\u00fchrerstand des Modells, weil man hier unter dem Fahrwerk die Schleifkontakte hat, ohne das Modell auseinander zu nehmen.\u00a0Weiterhin ist auch viel Platz um den Vorwiderstand der Leuchtdioden einzubauen. <\/span><\/p>\n<p><span style=\"color: #000000;\">Die beiden vorverdrahteten SMD-Leuchtdioden werden auf Funktion gepr\u00fcft. Dann werden die Dr\u00e4hte der beiden Leuchtdioden an den Puffern vorbei unter das Fahrwerk gef\u00fchrt und durch die Schlitz\u00f6ffnung eingef\u00e4delt und direkt auf die Lampenimitationen aufgeklebt. Hier ben\u00f6tigt man etwas Geduld, es wird nicht beim ersten Male klappen.<\/span><\/p>\n<p>[\/et_pb_text][\/et_pb_column][\/et_pb_row][et_pb_row column_structure=&#8220;1_2,1_2&#8243; _builder_version=&#8220;4.3.2&#8243; max_width=&#8220;950px&#8220; global_colors_info=&#8220;{}&#8220;][et_pb_column type=&#8220;1_2&#8243; _builder_version=&#8220;4.3.2&#8243; global_colors_info=&#8220;{}&#8220;][et_pb_image src=&#8220;https:\/\/teico44.com\/wp-content\/uploads\/2020\/02\/GSM-02.jpg&#8220; _builder_version=&#8220;4.3.2&#8243; global_colors_info=&#8220;{}&#8220;][\/et_pb_image][\/et_pb_column][et_pb_column type=&#8220;1_2&#8243; _builder_version=&#8220;4.3.2&#8243; global_colors_info=&#8220;{}&#8220;][et_pb_text _builder_version=&#8220;4.11.1&#8243; global_colors_info=&#8220;{}&#8220;]<\/p>\n<p><span style=\"color: #000000;\">Sind die Leuchtdioden festgeklebt, wird mit schwarzer Farbe und einem spitzen\u00a0Zahnstocher der Rand der Leuchtdioden eingef\u00e4rbt. <\/span><\/p>\n<p><span style=\"color: #000000;\">Anschlie\u00dfend ist eine Funktionspr\u00fcfung vorzunehmen, am besten mit einem LED-Tester.<\/span><\/p>\n<p>[\/et_pb_text][\/et_pb_column][\/et_pb_row][et_pb_row column_structure=&#8220;1_2,1_2&#8243; _builder_version=&#8220;4.3.2&#8243; max_width=&#8220;950px&#8220; global_colors_info=&#8220;{}&#8220;][et_pb_column type=&#8220;1_2&#8243; _builder_version=&#8220;4.3.2&#8243; global_colors_info=&#8220;{}&#8220;][et_pb_image src=&#8220;https:\/\/teico44.com\/wp-content\/uploads\/2020\/02\/GSM-03.jpg&#8220; _builder_version=&#8220;4.3.2&#8243; global_colors_info=&#8220;{}&#8220;][\/et_pb_image][\/et_pb_column][et_pb_column type=&#8220;1_2&#8243; _builder_version=&#8220;4.3.2&#8243; global_colors_info=&#8220;{}&#8220;][et_pb_text _builder_version=&#8220;4.11.1&#8243; global_colors_info=&#8220;{}&#8220;]<\/p>\n<p><span style=\"color: #000000;\">Jetzt wird d\u00fcnner Schrumpfschlauch \u00fcber die Kabel gezogen und mit einem L\u00f6tkolben geschrumpft.\u00a0<\/span><span style=\"color: #000000;\">Der Abstand betr\u00e4gt ca. 3-4 cm zur LED.\u00a0<\/span><span style=\"color: #000000;\">Dieser dient als Abrei\u00dfschutz der Dr\u00e4hte.\u00a0<\/span><\/p>\n<p><span style=\"color: #000000;\">Mit Sekundenkleber-Gel wird jetzt der Schrumpfschlauch an den gezeigten Stellen angeklebt.<\/span><\/p>\n<p>[\/et_pb_text][\/et_pb_column][\/et_pb_row][et_pb_row column_structure=&#8220;1_2,1_2&#8243; _builder_version=&#8220;4.3.2&#8243; max_width=&#8220;950px&#8220; global_colors_info=&#8220;{}&#8220;][et_pb_column type=&#8220;1_2&#8243; _builder_version=&#8220;4.3.2&#8243; global_colors_info=&#8220;{}&#8220;][et_pb_image src=&#8220;https:\/\/teico44.com\/wp-content\/uploads\/2020\/02\/GSM-04.jpg&#8220; _builder_version=&#8220;4.3.2&#8243; global_colors_info=&#8220;{}&#8220;][\/et_pb_image][\/et_pb_column][et_pb_column type=&#8220;1_2&#8243; _builder_version=&#8220;4.3.2&#8243; global_colors_info=&#8220;{}&#8220;][et_pb_text _builder_version=&#8220;4.11.1&#8243; global_colors_info=&#8220;{}&#8220;]<\/p>\n<p><span style=\"color: #000000;\">Die beiden Leuchtdioden werden jetzt in Reihenschaltung zusammengefasst und noch einmal gepr\u00fcft, ob Kontakt der lackisolierten Dr\u00e4hte vorhanden ist. Ansonsten mit einem Feuerzeug die Enden noch einmal &#8222;anbrennen&#8220;. Die beiden zugeh\u00f6rigen Enden der Leuchtdioden (Reihenschaltung) werden vorsichtig verdrillt und zur Sicherheit noch einmal mit Decoderlitze vedrillt. Ist das LED-Licht stabil, wird das Ende mit dem L\u00f6tkolben verl\u00f6tet. Anschlie\u00dfend zieht man ein St\u00fcck Isolierschlauch \u00fcber das Ende und verschrumpft es. Dann wird das Ende unter das Fahrgestell gelegt und der Isolierschlauch wird mit Sekundenkleber am Fahrgestell befestigt (geeignete Stelle quer zur Fahrtrichtung hinter der Kupplungskulisse).<\/span><\/p>\n<p>[\/et_pb_text][\/et_pb_column][\/et_pb_row][et_pb_row column_structure=&#8220;1_2,1_2&#8243; _builder_version=&#8220;4.3.2&#8243; max_width=&#8220;950px&#8220; global_colors_info=&#8220;{}&#8220;][et_pb_column type=&#8220;1_2&#8243; _builder_version=&#8220;4.3.2&#8243; global_colors_info=&#8220;{}&#8220;][et_pb_image src=&#8220;https:\/\/teico44.com\/wp-content\/uploads\/2020\/02\/GSM-05.jpg&#8220; _builder_version=&#8220;4.3.2&#8243; global_colors_info=&#8220;{}&#8220;][\/et_pb_image][\/et_pb_column][et_pb_column type=&#8220;1_2&#8243; _builder_version=&#8220;4.3.2&#8243; global_colors_info=&#8220;{}&#8220;][et_pb_text _builder_version=&#8220;4.11.1&#8243; global_colors_info=&#8220;{}&#8220;]<\/p>\n<p><span style=\"color: #000000;\">An den beiden Leiterbahnen der Schleifkontakte werden tempor\u00e4r zwei Dr\u00e4hte angel\u00f6tet, da wir die Polarit\u00e4t der Leuchtdioden ermitteln k\u00f6nnen. Mit Hilfe des Widerstandes (22 KOhm) kann getestet werden ob die beiden Leuchtdioden in Fahrtrichtung leuchten. Ist die Polarit\u00e4t festgelegt, wird das eine Ende der LED an die Leiterbahn des Schleiferkontaktes angel\u00f6tet und die Leitung vorsichtig ins Fahrgestell verlegt. Beim zweiten Draht wird der Widerstand angel\u00f6tet und die Enden am Widerstand mit Schrumpfschlauch \u00fcberzogen und verschrumpft.<\/span><\/p>\n<p>[\/et_pb_text][\/et_pb_column][\/et_pb_row][et_pb_row _builder_version=&#8220;4.3.2&#8243; max_width=&#8220;950px&#8220; global_colors_info=&#8220;{}&#8220;][et_pb_column type=&#8220;4_4&#8243; _builder_version=&#8220;4.3.2&#8243; global_colors_info=&#8220;{}&#8220;][et_pb_image src=&#8220;https:\/\/teico44.com\/wp-content\/uploads\/2020\/02\/GSM-06.jpg&#8220; _builder_version=&#8220;4.3.2&#8243; global_colors_info=&#8220;{}&#8220;][\/et_pb_image][\/et_pb_column][\/et_pb_row][et_pb_row _builder_version=&#8220;4.3.2&#8243; max_width=&#8220;950px&#8220; global_colors_info=&#8220;{}&#8220;][et_pb_column type=&#8220;4_4&#8243; _builder_version=&#8220;4.3.2&#8243; global_colors_info=&#8220;{}&#8220;][et_pb_text _builder_version=&#8220;4.11.1&#8243; global_colors_info=&#8220;{}&#8220;]<\/p>\n<p><span style=\"color: #000000;\">Dann wird der Widerstand an der zweiten Leiterbahn des Schleifkontaktes angel\u00f6tet. Jetzt werden die Kabel noch verlegt, damit das Drehgestell nicht blockiert wird.\u00a0<\/span><\/p>\n<p>[\/et_pb_text][\/et_pb_column][\/et_pb_row][et_pb_row column_structure=&#8220;1_2,1_2&#8243; _builder_version=&#8220;4.3.2&#8243; max_width=&#8220;950px&#8220; global_colors_info=&#8220;{}&#8220;][et_pb_column type=&#8220;1_2&#8243; _builder_version=&#8220;4.3.2&#8243; global_colors_info=&#8220;{}&#8220;][et_pb_image src=&#8220;https:\/\/teico44.com\/wp-content\/uploads\/2020\/02\/GSM-07.jpg&#8220; _builder_version=&#8220;4.3.2&#8243; global_colors_info=&#8220;{}&#8220;][\/et_pb_image][\/et_pb_column][et_pb_column type=&#8220;1_2&#8243; _builder_version=&#8220;4.3.2&#8243; global_colors_info=&#8220;{}&#8220;][et_pb_text _builder_version=&#8220;4.11.1&#8243; global_colors_info=&#8220;{}&#8220;]<\/p>\n<p><span style=\"color: #000000;\"><strong>Hier ist das fertige Ergebnis.<\/strong><\/span><\/p>\n<p><span style=\"color: #ff0000;\">Wichtiger Hinweis:<\/span><\/p>\n<p><span style=\"color: #ff0000;\">F\u00fcr eventuelle Sch\u00e4den bei Ihnen bin ich nicht verantwortlich ! <\/span><\/p>\n<p><span style=\"color: #ff0000;\">Die angegebenen Werte der Bauelemente beziehen sich auf eine maximale Fahrspannung von 12 Volt im Analogbetrieb.<\/span><\/p>\n<p>[\/et_pb_text][\/et_pb_column][\/et_pb_row][\/et_pb_section]<\/p>\n","protected":false},"excerpt":{"rendered":"<p>Umbau der Gleisnivellierstopfmaschine (Hobbytrain) auf LED-Scheinwerfer Folgender Umbau war vorgesehen Austausch der Gl\u00fchlampen gegen SMD-Leuchtdioden Folgende Materialien werden ben\u00f6tigt: 2 x SMD-LED wei\u00df 0402 warmwei\u00df 1 x Widerstand 22 kOhm Metallschicht UmbauanleitungWir arbeiten hier am kleinen F\u00fchrerstand des Modells, weil man hier unter dem Fahrwerk die Schleifkontakte hat, ohne das Modell auseinander zu nehmen.\u00a0Weiterhin ist [&hellip;]<\/p>\n","protected":false},"author":1,"featured_media":0,"parent":0,"menu_order":0,"comment_status":"closed","ping_status":"closed","template":"","meta":{"_et_pb_use_builder":"on","_et_pb_old_content":"","_et_gb_content_width":"","footnotes":""},"class_list":["post-451","page","type-page","status-publish","hentry"],"_links":{"self":[{"href":"https:\/\/teico44.com\/index.php?rest_route=\/wp\/v2\/pages\/451","targetHints":{"allow":["GET"]}}],"collection":[{"href":"https:\/\/teico44.com\/index.php?rest_route=\/wp\/v2\/pages"}],"about":[{"href":"https:\/\/teico44.com\/index.php?rest_route=\/wp\/v2\/types\/page"}],"author":[{"embeddable":true,"href":"https:\/\/teico44.com\/index.php?rest_route=\/wp\/v2\/users\/1"}],"replies":[{"embeddable":true,"href":"https:\/\/teico44.com\/index.php?rest_route=%2Fwp%2Fv2%2Fcomments&post=451"}],"version-history":[{"count":7,"href":"https:\/\/teico44.com\/index.php?rest_route=\/wp\/v2\/pages\/451\/revisions"}],"predecessor-version":[{"id":3316,"href":"https:\/\/teico44.com\/index.php?rest_route=\/wp\/v2\/pages\/451\/revisions\/3316"}],"wp:attachment":[{"href":"https:\/\/teico44.com\/index.php?rest_route=%2Fwp%2Fv2%2Fmedia&parent=451"}],"curies":[{"name":"wp","href":"https:\/\/api.w.org\/{rel}","templated":true}]}}