{"id":4083,"date":"2023-01-08T05:52:14","date_gmt":"2023-01-08T05:52:14","guid":{"rendered":"https:\/\/teico44.com\/?page_id=4083"},"modified":"2025-06-09T15:40:00","modified_gmt":"2025-06-09T15:40:00","slug":"ueber-mich","status":"publish","type":"page","link":"https:\/\/teico44.com\/?page_id=4083","title":{"rendered":"\u00dcber mich"},"content":{"rendered":"<p>[et_pb_section fb_built=&#8220;1&#8243; _builder_version=&#8220;4.19.4&#8243; _module_preset=&#8220;default&#8220; global_colors_info=&#8220;{}&#8220;][et_pb_row _builder_version=&#8220;4.19.4&#8243; _module_preset=&#8220;default&#8220; global_colors_info=&#8220;{}&#8220;][et_pb_column type=&#8220;4_4&#8243; _builder_version=&#8220;4.19.4&#8243; _module_preset=&#8220;default&#8220; global_colors_info=&#8220;{}&#8220;][et_pb_text _builder_version=&#8220;4.27.4&#8243; _module_preset=&#8220;default&#8220; hover_enabled=&#8220;0&#8243; global_colors_info=&#8220;{}&#8220; sticky_enabled=&#8220;0&#8243;]<\/p>\n<h1><span style=\"color: #000000;\"><strong>\u00dcber mich<\/strong><\/span><\/h1>\n<p>&nbsp;<\/p>\n<p><span style=\"color: #000000;\">Mein Name ist J\u00f6rg Teiser und ich bin 59 Jahre alt. Gelernt habe ich 1982 den Beruf eines Elektromonteur f\u00fcr Dieseltriebfahrzeuge (der DR). Das hei\u00dft ich habe an allen Dieselloks der ehemaligen Deutschen Reichsbahn &#8222;rumgeschraubt&#8220;. Leider klappte es gesundheitlich nicht mit dem Beruf Lokf\u00fchrer. Dann nahm ich ein Studium der Fermeldemtechnik auf. Heute arbeite ich immer noch bei der Bahn.\u00a0\u00a0<\/span><\/p>\n<p>[\/et_pb_text][\/et_pb_column][\/et_pb_row][\/et_pb_section]<\/p>\n","protected":false},"excerpt":{"rendered":"<p>\u00dcber mich &nbsp; Mein Name ist J\u00f6rg Teiser und ich bin 59 Jahre alt. Gelernt habe ich 1982 den Beruf eines Elektromonteur f\u00fcr Dieseltriebfahrzeuge (der DR). Das hei\u00dft ich habe an allen Dieselloks der ehemaligen Deutschen Reichsbahn &#8222;rumgeschraubt&#8220;. Leider klappte es gesundheitlich nicht mit dem Beruf Lokf\u00fchrer. Dann nahm ich ein Studium der Fermeldemtechnik auf. [&hellip;]<\/p>\n","protected":false},"author":1,"featured_media":0,"parent":0,"menu_order":0,"comment_status":"closed","ping_status":"closed","template":"","meta":{"_et_pb_use_builder":"on","_et_pb_old_content":"","_et_gb_content_width":"","footnotes":""},"class_list":["post-4083","page","type-page","status-publish","hentry"],"_links":{"self":[{"href":"https:\/\/teico44.com\/index.php?rest_route=\/wp\/v2\/pages\/4083","targetHints":{"allow":["GET"]}}],"collection":[{"href":"https:\/\/teico44.com\/index.php?rest_route=\/wp\/v2\/pages"}],"about":[{"href":"https:\/\/teico44.com\/index.php?rest_route=\/wp\/v2\/types\/page"}],"author":[{"embeddable":true,"href":"https:\/\/teico44.com\/index.php?rest_route=\/wp\/v2\/users\/1"}],"replies":[{"embeddable":true,"href":"https:\/\/teico44.com\/index.php?rest_route=%2Fwp%2Fv2%2Fcomments&post=4083"}],"version-history":[{"count":4,"href":"https:\/\/teico44.com\/index.php?rest_route=\/wp\/v2\/pages\/4083\/revisions"}],"predecessor-version":[{"id":5760,"href":"https:\/\/teico44.com\/index.php?rest_route=\/wp\/v2\/pages\/4083\/revisions\/5760"}],"wp:attachment":[{"href":"https:\/\/teico44.com\/index.php?rest_route=%2Fwp%2Fv2%2Fmedia&parent=4083"}],"curies":[{"name":"wp","href":"https:\/\/api.w.org\/{rel}","templated":true}]}}