{"id":362,"date":"2020-02-17T07:13:19","date_gmt":"2020-02-17T07:13:19","guid":{"rendered":"https:\/\/teico44.com\/?page_id=362"},"modified":"2024-10-22T05:56:56","modified_gmt":"2024-10-22T05:56:56","slug":"gleisplaene","status":"publish","type":"page","link":"https:\/\/teico44.com\/?page_id=362","title":{"rendered":"Gleispl\u00e4ne"},"content":{"rendered":"<p>[et_pb_section fb_built=&#8220;1&#8243; _builder_version=&#8220;4.16&#8243; global_colors_info=&#8220;{}&#8220;][et_pb_row _builder_version=&#8220;4.16&#8243; max_width=&#8220;950px&#8220; global_colors_info=&#8220;{}&#8220;][et_pb_column type=&#8220;4_4&#8243; _builder_version=&#8220;4.16&#8243; global_colors_info=&#8220;{}&#8220;][et_pb_text _builder_version=&#8220;4.17.6&#8243; global_colors_info=&#8220;{}&#8220;]<\/p>\n<h1><span style=\"color: #000000;\"><strong>Gleisplan der Anlage<br \/><\/strong><\/span><\/h1>\n<p><span style=\"color: #000000;\"><strong><\/strong><\/span><\/p>\n<p><span style=\"color: #000000;\"><strong><\/strong><\/span><\/p>\n<p><span style=\"color: #000000;\">Hier habe ich den Gleisplan meiner Modelleisenbahnanlage grafisch in 4 Einzelgleispl\u00e4nen dargestellt. Zum besseren Verst\u00e4ndnis dient diese \u00dcbersicht (\u00dcberg\u00e4nge).<\/span><\/p>\n<p>[\/et_pb_text][\/et_pb_column][\/et_pb_row][et_pb_row _builder_version=&#8220;4.16&#8243; _module_preset=&#8220;default&#8220; global_colors_info=&#8220;{}&#8220;][et_pb_column type=&#8220;4_4&#8243; _builder_version=&#8220;4.16&#8243; _module_preset=&#8220;default&#8220; global_colors_info=&#8220;{}&#8220;][et_pb_image src=&#8220;https:\/\/teico44.com\/wp-content\/uploads\/2024\/10\/Anlagenaufbau-2024-10-22.jpg&#8220; title_text=&#8220;Anlagenaufbau 2024-10-22&#8243; _builder_version=&#8220;4.27.2&#8243; _module_preset=&#8220;default&#8220; hover_enabled=&#8220;0&#8243; global_colors_info=&#8220;{}&#8220; sticky_enabled=&#8220;0&#8243;][\/et_pb_image][\/et_pb_column][\/et_pb_row][et_pb_row _builder_version=&#8220;4.16&#8243; _module_preset=&#8220;default&#8220; global_colors_info=&#8220;{}&#8220;][et_pb_column type=&#8220;4_4&#8243; _builder_version=&#8220;4.16&#8243; _module_preset=&#8220;default&#8220; global_colors_info=&#8220;{}&#8220;][et_pb_text _builder_version=&#8220;4.17.6&#8243; _module_preset=&#8220;default&#8220; global_colors_info=&#8220;{}&#8220;]<\/p>\n<p><span style=\"color: #0000ff;\"><span style=\"color: #000000;\">Aufgrund der Gr\u00f6\u00dfe sind die Bilder in der Galerieansicht zu sehen.<\/span><\/span><\/p>\n<p><span style=\"color: #0000ff;\">Bitte klicken Sie das Bild an, dann wird es vergr\u00f6\u00dfert. Zum Schlie\u00dfen bitte das X rechts oben dr\u00fccken.<\/span><\/p>\n<p>[\/et_pb_text][\/et_pb_column][\/et_pb_row][et_pb_row _builder_version=&#8220;4.16&#8243; max_width=&#8220;950px&#8220; global_colors_info=&#8220;{}&#8220;][et_pb_column type=&#8220;4_4&#8243; _builder_version=&#8220;4.16&#8243; global_colors_info=&#8220;{}&#8220;][et_pb_gallery gallery_ids=&#8220;5314,5315,5316,5317&#8243; _builder_version=&#8220;4.27.2&#8243; title_font_size=&#8220;13px&#8220; hover_enabled=&#8220;0&#8243; global_colors_info=&#8220;{}&#8220; sticky_enabled=&#8220;0&#8243;][\/et_pb_gallery][\/et_pb_column][\/et_pb_row][\/et_pb_section]<\/p>\n","protected":false},"excerpt":{"rendered":"<p>Gleisplan der Anlage Hier habe ich den Gleisplan meiner Modelleisenbahnanlage grafisch in 4 Einzelgleispl\u00e4nen dargestellt. Zum besseren Verst\u00e4ndnis dient diese \u00dcbersicht (\u00dcberg\u00e4nge).Aufgrund der Gr\u00f6\u00dfe sind die Bilder in der Galerieansicht zu sehen. Bitte klicken Sie das Bild an, dann wird es vergr\u00f6\u00dfert. Zum Schlie\u00dfen bitte das X rechts oben dr\u00fccken.<\/p>\n","protected":false},"author":1,"featured_media":0,"parent":0,"menu_order":0,"comment_status":"closed","ping_status":"closed","template":"","meta":{"_et_pb_use_builder":"on","_et_pb_old_content":"","_et_gb_content_width":"","footnotes":""},"class_list":["post-362","page","type-page","status-publish","hentry"],"_links":{"self":[{"href":"https:\/\/teico44.com\/index.php?rest_route=\/wp\/v2\/pages\/362","targetHints":{"allow":["GET"]}}],"collection":[{"href":"https:\/\/teico44.com\/index.php?rest_route=\/wp\/v2\/pages"}],"about":[{"href":"https:\/\/teico44.com\/index.php?rest_route=\/wp\/v2\/types\/page"}],"author":[{"embeddable":true,"href":"https:\/\/teico44.com\/index.php?rest_route=\/wp\/v2\/users\/1"}],"replies":[{"embeddable":true,"href":"https:\/\/teico44.com\/index.php?rest_route=%2Fwp%2Fv2%2Fcomments&post=362"}],"version-history":[{"count":17,"href":"https:\/\/teico44.com\/index.php?rest_route=\/wp\/v2\/pages\/362\/revisions"}],"predecessor-version":[{"id":5318,"href":"https:\/\/teico44.com\/index.php?rest_route=\/wp\/v2\/pages\/362\/revisions\/5318"}],"wp:attachment":[{"href":"https:\/\/teico44.com\/index.php?rest_route=%2Fwp%2Fv2%2Fmedia&parent=362"}],"curies":[{"name":"wp","href":"https:\/\/api.w.org\/{rel}","templated":true}]}}