{"id":1251,"date":"2020-03-01T06:14:03","date_gmt":"2020-03-01T06:14:03","guid":{"rendered":"https:\/\/teico44.com\/?page_id=1251"},"modified":"2026-01-01T20:44:03","modified_gmt":"2026-01-01T20:44:03","slug":"planungen","status":"publish","type":"page","link":"https:\/\/teico44.com\/?page_id=1251","title":{"rendered":"Planungen"},"content":{"rendered":"<p>[et_pb_section fb_built=&#8220;1&#8243; _builder_version=&#8220;4.16&#8243; global_colors_info=&#8220;{}&#8220;][et_pb_row _builder_version=&#8220;4.16&#8243; max_width=&#8220;950px&#8220; global_colors_info=&#8220;{}&#8220;][et_pb_column type=&#8220;4_4&#8243; _builder_version=&#8220;4.16&#8243; global_colors_info=&#8220;{}&#8220;][et_pb_text _builder_version=&#8220;4.16&#8243; global_colors_info=&#8220;{}&#8220;]<\/p>\n<h1><strong><span style=\"color: #000000;\">Planungen f\u00fcr die Modelleisenbahnanlage<\/span><\/strong><\/h1>\n<p><span style=\"color: #000000;\"><\/span><\/p>\n<p><span style=\"color: #000000;\"><\/span><\/p>\n<p><span style=\"color: #000000;\">Auf dieser Seite sind die Planungen und Ideen f\u00fcr die Modelleisenbahnanlage aufgef\u00fchrt.<\/span><\/p>\n<p>[\/et_pb_text][\/et_pb_column][\/et_pb_row][et_pb_row _builder_version=&#8220;4.19.4&#8243; _module_preset=&#8220;default&#8220; global_colors_info=&#8220;{}&#8220;][et_pb_column type=&#8220;4_4&#8243; _builder_version=&#8220;4.16&#8243; _module_preset=&#8220;default&#8220; global_colors_info=&#8220;{}&#8220;][et_pb_text _builder_version=&#8220;4.19.5&#8243; _module_preset=&#8220;default&#8220; global_colors_info=&#8220;{}&#8220;]<\/p>\n<h5><strong><span style=\"color: #000000;\">Anlage\u00a0<\/span><\/strong><\/h5>\n<p><span style=\"color: #008000;\">Die Umbauma\u00dfnahmen sind abgeschlossen.<\/span><span style=\"color: #0000ff;\"><span style=\"color: #008000;\"><\/span><\/span><\/p>\n<p>[\/et_pb_text][\/et_pb_column][\/et_pb_row][et_pb_row _builder_version=&#8220;4.19.4&#8243; _module_preset=&#8220;default&#8220; global_colors_info=&#8220;{}&#8220;][et_pb_column type=&#8220;4_4&#8243; _builder_version=&#8220;4.19.4&#8243; _module_preset=&#8220;default&#8220; global_colors_info=&#8220;{}&#8220;][et_pb_text _builder_version=&#8220;4.19.4&#8243; _module_preset=&#8220;default&#8220; global_colors_info=&#8220;{}&#8220;]<\/p>\n<h5><span style=\"color: #000000;\"><strong>Elektrik<\/strong><\/span><\/h5>\n<p><span style=\"color: #000000;\">Hier finden die letzen Umbauten und Anpassungen statt. Wichtig sind hier der Austausch der Isolierb\u00e4nder (zu alt und kleben nicht mehr richtig) gegen Schrumpfschl\u00e4uche und der R\u00fcckbau nicht mehr vorhandener Kabel. Die Dokumentation wird auch zeitgleich auf Vordermann gebracht, um bei St\u00f6rungen schnell zu reagieren.<\/span><\/p>\n<p>[\/et_pb_text][\/et_pb_column][\/et_pb_row][et_pb_row _builder_version=&#8220;4.16&#8243; max_width=&#8220;950px&#8220; global_colors_info=&#8220;{}&#8220;][et_pb_column type=&#8220;4_4&#8243; _builder_version=&#8220;4.16&#8243; global_colors_info=&#8220;{}&#8220;][et_pb_text _builder_version=&#8220;4.27.2&#8243; global_colors_info=&#8220;{}&#8220;]<\/p>\n<h5><strong><span style=\"color: #000000;\">Fuhrpark<\/span><\/strong><\/h5>\n<p><strong><span style=\"color: #000000;\"><\/span><\/strong><\/p>\n<p><span style=\"color: #000000;\">Mein Fuhrpark ist nun auch langsam in die Jahre gekommen, hier sollten einige Modelle ausgetauscht werden, aber irgendwie haben sich es die alten Modelle \u00fcberlegt und sie fahren sehr gut (Grins). Der Kauf von Ersatzteilen (Motoren, Drehgestelle und Schleifer) f\u00fcr die alten Modelle haben eine hohe Priorit\u00e4t. <\/span><\/p>\n<p><span style=\"color: #000000;\"><span style=\"color: #ff0000;\">Leider ist aufgrund der Bauweise der neuen Modelle eine eigene Wartung der Modelle nur mit einem sehr gro\u00dfen Aufwand m\u00f6glich (Kabel zu den Drehgestellen, sehr enge L\u00f6tstellen auf der Platine). Auch der Einsatz von &#8222;Billig-Motore&#8220;, der Verringerung der angetriebenen Achsen und der Einsatz von &#8222;Billig-Kabeln&#8220; zu den Drehgestellen erh\u00f6hen die Ausfallh\u00e4ufigkeiten der Modelle.\u00a0 \u00a0 \u00a0<\/span><br \/><\/span><\/p>\n<p><span style=\"color: #000000;\"><strong>Doppelstockz\u00fcge (DR)<\/strong><\/span><\/p>\n<p><span style=\"color: #0000ff;\">F\u00fcr 2025 \/ 2026 sind noch zwei Doppelstockz\u00fcge von Hornby (Arnold) angek\u00fcndigt. Eine zweiteilige Einheit und eine vierteilige Einheit mit Steuerabteil.<\/span><\/p>\n<p><span style=\"color: #000000;\"><strong><\/strong><\/span><\/p>\n<p><span style=\"color: #000000;\"><strong>Wunschzettel<\/strong><\/span><\/p>\n<p><span style=\"color: #0000ff;\">Ein Original-Hilfszug der Deutschen Reichsbahn und ein VT 4.12 (Prototyp 1) stehen noch auf meinem Wunschzettel. Auch ein 5 teiliger Doppelstockzug in &#8222;Sputnik-Lackierung&#8220; (damaliger Einsatz auf dem Berliner Au\u00dfenring) w\u00e4re sch\u00f6n. Mal schauen, ob sich die Hersteller durchringen k\u00f6nnen.<\/span><\/p>\n<p>[\/et_pb_text][\/et_pb_column][\/et_pb_row][et_pb_row _builder_version=&#8220;4.16&#8243; max_width=&#8220;950px&#8220; global_colors_info=&#8220;{}&#8220;][et_pb_column type=&#8220;4_4&#8243; _builder_version=&#8220;4.16&#8243; global_colors_info=&#8220;{}&#8220;][et_pb_text _builder_version=&#8220;4.27.4&#8243; global_colors_info=&#8220;{}&#8220;]<\/p>\n<h5><span style=\"color: #000000;\"><strong>Beleuchtung<\/strong><\/span><\/h5>\n<p><span style=\"color: #000000;\"><strong><\/strong><\/span><\/p>\n<p><span style=\"color: #000000;\">Hier setze ich konsequent auf die LED-Technologie.\u00a0 <\/span><\/p>\n<p><strong><span style=\"color: #000000;\">Stra\u00dfenlampen \/ Bahnhofslampen<\/span><\/strong><\/p>\n<p><span style=\"color: #000000;\"><span style=\"color: #0000ff;\">Die restlichen Stra\u00dfenlampen mit Gl\u00fchbirnentechnik werden noch ersetzt, sobald diese als Modelle verf\u00fcgbar sind.<\/span> <\/span><\/p>\n<p><strong><span style=\"color: #000000;\">LED Scheinwerfer bei Lokomotiven<\/span><\/strong><\/p>\n<p><span style=\"color: #000000;\"><span style=\"color: #0000ff;\">Bei den \u00e4lteren Lokomotiven sollen die eingebauten Gl\u00fchlampen gegen LED-Scheinwerfer ausgetauscht werden.<\/span><\/span><\/p>\n<p>[\/et_pb_text][\/et_pb_column][\/et_pb_row][\/et_pb_section]<\/p>\n","protected":false},"excerpt":{"rendered":"<p>Planungen f\u00fcr die Modelleisenbahnanlage Auf dieser Seite sind die Planungen und Ideen f\u00fcr die Modelleisenbahnanlage aufgef\u00fchrt.Anlage\u00a0 Die Umbauma\u00dfnahmen sind abgeschlossen.Elektrik Hier finden die letzen Umbauten und Anpassungen statt. Wichtig sind hier der Austausch der Isolierb\u00e4nder (zu alt und kleben nicht mehr richtig) gegen Schrumpfschl\u00e4uche und der R\u00fcckbau nicht mehr vorhandener Kabel. Die Dokumentation wird auch [&hellip;]<\/p>\n","protected":false},"author":1,"featured_media":0,"parent":0,"menu_order":0,"comment_status":"closed","ping_status":"closed","template":"","meta":{"_et_pb_use_builder":"on","_et_pb_old_content":"","_et_gb_content_width":"","footnotes":""},"class_list":["post-1251","page","type-page","status-publish","hentry"],"_links":{"self":[{"href":"https:\/\/teico44.com\/index.php?rest_route=\/wp\/v2\/pages\/1251","targetHints":{"allow":["GET"]}}],"collection":[{"href":"https:\/\/teico44.com\/index.php?rest_route=\/wp\/v2\/pages"}],"about":[{"href":"https:\/\/teico44.com\/index.php?rest_route=\/wp\/v2\/types\/page"}],"author":[{"embeddable":true,"href":"https:\/\/teico44.com\/index.php?rest_route=\/wp\/v2\/users\/1"}],"replies":[{"embeddable":true,"href":"https:\/\/teico44.com\/index.php?rest_route=%2Fwp%2Fv2%2Fcomments&post=1251"}],"version-history":[{"count":39,"href":"https:\/\/teico44.com\/index.php?rest_route=\/wp\/v2\/pages\/1251\/revisions"}],"predecessor-version":[{"id":6271,"href":"https:\/\/teico44.com\/index.php?rest_route=\/wp\/v2\/pages\/1251\/revisions\/6271"}],"wp:attachment":[{"href":"https:\/\/teico44.com\/index.php?rest_route=%2Fwp%2Fv2%2Fmedia&parent=1251"}],"curies":[{"name":"wp","href":"https:\/\/api.w.org\/{rel}","templated":true}]}}