{"id":1187,"date":"2020-02-26T21:03:34","date_gmt":"2020-02-26T21:03:34","guid":{"rendered":"https:\/\/teico44.com\/?page_id=1187"},"modified":"2026-01-11T16:34:12","modified_gmt":"2026-01-11T16:34:12","slug":"update","status":"publish","type":"page","link":"https:\/\/teico44.com\/?page_id=1187","title":{"rendered":"Updates"},"content":{"rendered":"<p>[et_pb_section fb_built=&#8220;1&#8243; _builder_version=&#8220;4.16&#8243; global_colors_info=&#8220;{}&#8220;][et_pb_row _builder_version=&#8220;4.16&#8243; max_width=&#8220;950px&#8220; global_colors_info=&#8220;{}&#8220;][et_pb_column type=&#8220;4_4&#8243; _builder_version=&#8220;4.16&#8243; global_colors_info=&#8220;{}&#8220;][et_pb_text _builder_version=&#8220;4.27.5&#8243; global_colors_info=&#8220;{}&#8220;]<\/p>\n<h1 class=\"wb-stl-heading2\"><span style=\"color: #000000;\"><strong>Updates<\/strong><br \/><\/span><\/h1>\n<p><span style=\"color: #000000;\"><strong><\/strong><\/span><\/p>\n<p><span style=\"color: #000000;\"><strong><\/strong><\/span><\/p>\n<p><span style=\"color: #0000ff;\"><span style=\"color: #000000;\">Die Erstellung von Buttons mit Verlinkung oder Textfiles mit Verlinkung ist sehr aufw\u00e4ndig und f\u00fcr die Seite Updates nicht geeigent. Deshalb habe ich mich f\u00fcr die Textvariante entschieden. Bei Handys nutzen Sie bitte dann den Auswahl-Button (mit den 3 Strichen &#8211; meistens oben rechts). Die neusten Updates werden immer oben stehen. Bitte auch nach unten scrollen.<\/span><span style=\"color: #000000;\"><br \/><\/span><\/span><\/p>\n<p><span style=\"color: #0000ff;\"><\/span><span style=\"color: #0000ff;\">Bitte klicken Sie den entsprechenden <strong>Men\u00fcpunkt<\/strong> (oben) und dann den entsprechenden <strong>Untermen\u00fcpunkt<\/strong> an.<\/span><\/p>\n<p>[\/et_pb_text][\/et_pb_column][\/et_pb_row][et_pb_row _builder_version=&#8220;4.27.0&#8243; max_width=&#8220;950px&#8220; global_colors_info=&#8220;{}&#8220;][et_pb_column type=&#8220;4_4&#8243; _builder_version=&#8220;4.16&#8243; global_colors_info=&#8220;{}&#8220;][et_pb_text _builder_version=&#8220;4.27.5&#8243; hover_enabled=&#8220;0&#8243; global_colors_info=&#8220;{}&#8220; sticky_enabled=&#8220;0&#8243;]<\/p>\n<p><span style=\"color: #000000;\">11.01.2026 &gt; Update der Seite <strong>Projekte \/\/ Stra\u00dfenverkehr <\/strong>&gt;&gt; Aktualisierung der Daten<\/span><\/p>\n<p><span style=\"color: #000000;\">11.01.2026 &gt; Update der Seite <strong>Steurung \/\/ Gleisbildpulte <\/strong>&gt;&gt; Aktualisierung und neue Bilder eingef\u00fcgt<\/span><\/p>\n<p><span style=\"color: #000000;\">10.01.2026 &gt; Update der Seite <strong style=\"color: #000000;\">Anlage \/\/ Technische Daten <\/strong>&gt;&gt; Aktualisierung der Daten<\/span><\/p>\n<p><span style=\"color: #000000;\">10.01.2026 &gt; Update der Seite <strong style=\"color: #000000;\">Synthesizer \/\/ Musikst\u00fccke <\/strong>&gt;&gt; Titel &#8222;Start of the Year 2026&#8220; eingef\u00fcgt<\/span><\/p>\n<p><span style=\"color: #000000;\">06.01.2026 &gt; Update der Seite <strong>Projekte \/\/ Geschwindigkeit <\/strong>&gt;&gt; Aktualisierung und neue Bilder eingef\u00fcgt<\/span><\/p>\n<p><span style=\"color: #000000;\">04.01.2026 &gt; Update der Seite <strong style=\"color: #000000;\">Synthesizer \/\/ Musikst\u00fccke <\/strong>&gt;&gt; Aktualisierung und f\u00fcr 2025 Dreaming 03, 07, 13 <\/span><span style=\"color: #000000;\">eingef\u00fcgt<\/span><\/p>\n<p><span style=\"color: #000000;\">04.01.2026 &gt; Update der Seite <strong style=\"color: #000000;\">Synthesizer \/\/ Technik <\/strong>&gt;&gt; Aktualisierung und neue Bilder eingef\u00fcgt<\/span><\/p>\n<p><span style=\"color: #000000;\">04.01.2026 &gt; Update der Seite <strong>Synthesizer \/\/ Heimstudio <\/strong>&gt;&gt; Aktualisierung und neue Bilder eingef\u00fcgt<\/span><\/p>\n<p><span style=\"color: #000000;\">03.01.2026 &gt; Update der Seite <strong>Projekte \/\/ Fahrpl\u00e4ne <\/strong>&gt;&gt; Aktualisierung und neue Bilder eingef\u00fcgt<\/span><\/p>\n<p><span style=\"color: #000000;\">02.01.2026 &gt; Update der Seite <strong>Steuerung \/\/ Hei\u00dfwolfregler<\/strong>\u00a0&gt;&gt; Aktualisierung und neue Bilder eingef\u00fcgt<\/span><\/p>\n<p><span style=\"color: #000000;\">01.01.2026 &gt; Update der Seite <strong>Video \/\/ Video-02 <\/strong>&gt;&gt; neues Video eingef\u00fcgt (Vorstellung der Modelle)<\/span><\/p>\n<p><span style=\"color: #000000;\">01.01.2026 &gt; Update der Seite <strong>Video \/\/ Video-01 <\/strong>&gt;&gt; neues Video eingef\u00fcgt (Vorstellung der Modelle)<\/span><\/p>\n<p><span style=\"color: #000000;\">01.01.2026 &gt; Update der Seite <strong>Fuhrpark \/\/ Triebwagen<\/strong>\u00a0&gt;&gt; Aktualisierung und neue Bilder eingef\u00fcgt<\/span><\/p>\n<p><span style=\"color: #000000;\">01.01.2026 &gt; Update der Seite <strong>Fuhrpark \/\/ Lokomotiven<\/strong> &gt;&gt; Aktualisierung und neue Bilder eingef\u00fcgt<\/span><\/p>\n<p><span style=\"color: #000000;\">01.01.2026 &gt; Update der Seite <strong>Fuhrpark \/\/ G\u00fcterwagen<\/strong>\u00a0&gt;&gt; Aktualisierung und neue Bilder eingef\u00fcgt<\/span><\/p>\n<p><span style=\"color: #000000;\">01.01.2026 &gt; Update der Seite <strong>Fuhrpark \/\/ Standmodelle<\/strong> &gt;&gt; Aktualisierung und neue Bilder eingef\u00fcgt<\/span><\/p>\n<p><span style=\"color: #000000;\">01.01.2026 &gt; Update der Seite <strong>Fuhrpark \/\/ Personenwagen<\/strong>\u00a0&gt;&gt; Aktualisierung und neue Bilder eingef\u00fcgt<\/span><\/p>\n<p><span style=\"color: #000000;\">01.01.2026 &gt; Update der Seite <strong style=\"color: #000000;\">Anlage \/\/ Planungen <\/strong>&gt;&gt; Aktualisierung der Daten<\/span><\/p>\n<p>[\/et_pb_text][\/et_pb_column][\/et_pb_row][\/et_pb_section]<\/p>\n","protected":false},"excerpt":{"rendered":"<p>Updates Die Erstellung von Buttons mit Verlinkung oder Textfiles mit Verlinkung ist sehr aufw\u00e4ndig und f\u00fcr die Seite Updates nicht geeigent. Deshalb habe ich mich f\u00fcr die Textvariante entschieden. Bei Handys nutzen Sie bitte dann den Auswahl-Button (mit den 3 Strichen &#8211; meistens oben rechts). Die neusten Updates werden immer oben stehen. Bitte auch nach [&hellip;]<\/p>\n","protected":false},"author":1,"featured_media":0,"parent":0,"menu_order":0,"comment_status":"closed","ping_status":"closed","template":"","meta":{"_et_pb_use_builder":"on","_et_pb_old_content":"","_et_gb_content_width":"","footnotes":""},"class_list":["post-1187","page","type-page","status-publish","hentry"],"_links":{"self":[{"href":"https:\/\/teico44.com\/index.php?rest_route=\/wp\/v2\/pages\/1187","targetHints":{"allow":["GET"]}}],"collection":[{"href":"https:\/\/teico44.com\/index.php?rest_route=\/wp\/v2\/pages"}],"about":[{"href":"https:\/\/teico44.com\/index.php?rest_route=\/wp\/v2\/types\/page"}],"author":[{"embeddable":true,"href":"https:\/\/teico44.com\/index.php?rest_route=\/wp\/v2\/users\/1"}],"replies":[{"embeddable":true,"href":"https:\/\/teico44.com\/index.php?rest_route=%2Fwp%2Fv2%2Fcomments&post=1187"}],"version-history":[{"count":357,"href":"https:\/\/teico44.com\/index.php?rest_route=\/wp\/v2\/pages\/1187\/revisions"}],"predecessor-version":[{"id":6408,"href":"https:\/\/teico44.com\/index.php?rest_route=\/wp\/v2\/pages\/1187\/revisions\/6408"}],"wp:attachment":[{"href":"https:\/\/teico44.com\/index.php?rest_route=%2Fwp%2Fv2%2Fmedia&parent=1187"}],"curies":[{"name":"wp","href":"https:\/\/api.w.org\/{rel}","templated":true}]}}