{"id":1120,"date":"2020-02-23T20:22:36","date_gmt":"2020-02-23T20:22:36","guid":{"rendered":"https:\/\/teico44.com\/?page_id=1120"},"modified":"2025-06-29T12:32:43","modified_gmt":"2025-06-29T12:32:43","slug":"audio-01-2","status":"publish","type":"page","link":"https:\/\/teico44.com\/?page_id=1120","title":{"rendered":"Audiotechnik-01"},"content":{"rendered":"<p>[et_pb_section fb_built=&#8220;1&#8243; _builder_version=&#8220;4.16&#8243; global_colors_info=&#8220;{}&#8220;][et_pb_row _builder_version=&#8220;4.16&#8243; max_width=&#8220;950px&#8220; global_colors_info=&#8220;{}&#8220;][et_pb_column type=&#8220;4_4&#8243; _builder_version=&#8220;4.16&#8243; global_colors_info=&#8220;{}&#8220;][et_pb_text _builder_version=&#8220;4.16&#8243; global_colors_info=&#8220;{}&#8220;]<\/p>\n<h1><strong><span style=\"color: #000000;\">Soundmodule \/ Ger\u00e4uschmodule<br \/><\/span><\/strong><\/h1>\n<p><strong><span style=\"color: #000000;\"><\/span><\/strong><\/p>\n<p><strong><span style=\"color: #000000;\"><\/span><\/strong><\/p>\n<p><span style=\"color: #000000;\">F\u00fcr den Soundeinsatz ohne Computer kommen handels\u00fcbliche Sound- und Ger\u00e4uschmodule sowie kleine selbstbespielbare Micro SD-Karten Player zum Einsatz. <\/span><span style=\"color: #000000;\"><\/span><\/p>\n<p>[\/et_pb_text][\/et_pb_column][\/et_pb_row][et_pb_row _builder_version=&#8220;4.16&#8243; _module_preset=&#8220;default&#8220; max_width=&#8220;950px&#8220; global_colors_info=&#8220;{}&#8220;][et_pb_column type=&#8220;4_4&#8243; _builder_version=&#8220;4.16&#8243; _module_preset=&#8220;default&#8220; global_colors_info=&#8220;{}&#8220;][et_pb_text _builder_version=&#8220;4.16&#8243; _module_preset=&#8220;default&#8220; global_colors_info=&#8220;{}&#8220;]<\/p>\n<h5><span style=\"color: #000000;\"><strong>MP3-Soundmodul<\/strong> <\/span><\/h5>\n<p><span style=\"color: #000000;\"><strong><\/strong><\/span><\/p>\n<p><span style=\"color: #000000;\">Dieses Soundmodul hat 5 Schalter wo man 5 programmierte Sounds nacheinander wiedergeben kann. Wiedergegeben werden Sounds im Format MP3 mit einer Samplingrate von 44,1 kHz und einer Bitrate von 48 kB\/s. Der DAC Ausgang arbeitet mit 24 Bit und der Verst\u00e4rker hat eine Leistung von 1,5 W. Die Lautst\u00e4rke ist mit einem Potentiometer auf der Platine einstellbar. Im Lieferumfang ist noch ein Mini-Lautsprecher enthalten.<br \/><\/span><\/p>\n<p>[\/et_pb_text][\/et_pb_column][\/et_pb_row][et_pb_row _builder_version=&#8220;4.16&#8243; _module_preset=&#8220;default&#8220; global_colors_info=&#8220;{}&#8220;][et_pb_column type=&#8220;4_4&#8243; _builder_version=&#8220;4.16&#8243; _module_preset=&#8220;default&#8220; global_colors_info=&#8220;{}&#8220;][et_pb_image src=&#8220;https:\/\/teico44.com\/wp-content\/uploads\/2021\/01\/Soundmodul-neu.jpg&#8220; title_text=&#8220;Soundmodul neu&#8220; _builder_version=&#8220;4.16&#8243; _module_preset=&#8220;default&#8220; global_colors_info=&#8220;{}&#8220;][\/et_pb_image][\/et_pb_column][\/et_pb_row][et_pb_row _builder_version=&#8220;4.16&#8243; _module_preset=&#8220;default&#8220; global_colors_info=&#8220;{}&#8220;][et_pb_column type=&#8220;4_4&#8243; _builder_version=&#8220;4.16&#8243; _module_preset=&#8220;default&#8220; global_colors_info=&#8220;{}&#8220;][et_pb_text _builder_version=&#8220;4.27.4&#8243; _module_preset=&#8220;default&#8220; global_colors_info=&#8220;{}&#8220;]<\/p>\n<h5><span style=\"color: #000000;\"><strong>Folgende \u00c4nderungen habe ich vorgenommen<br \/><\/strong><\/span><\/h5>\n<p><span style=\"color: #000000;\"><strong><\/strong><\/span><\/p>\n<p><span style=\"color: #000000;\">Die mitgelieferten Schalter habe ich gegen normale Einbautaster ausgetauscht, die im Gleisbildpult 1 eingebaut sind (die Schalter haben die Funktion &#8222;Loop&#8220;, die ich nicht ben\u00f6tige). Ein zus\u00e4tzlicher Schalter in der Zuleitung der Stromversorgung dient als Ausschalter, da sich die abgespielten Sound nicht abbrechen lassen (hier bei den l\u00e4ngeren Musikst\u00fccken f\u00fcr die Freilichtb\u00fchne). Den mitgelieferten Lautsprecher habe ich gegen eine Lautsprecherbox (1 Breiband-Lautsprecher (6 Ohm \/ 10 Watt) ausgetauscht, der unter dem Gleisbildpult-01 eingebaut ist.<\/span><\/p>\n<p><span style=\"color: #000000;\"><\/span><\/p>\n<h5><span style=\"color: #000000;\"><strong> Zum Einsatz kommen folgende Sounds<\/strong><\/span><\/h5>\n<p><span style=\"color: #000000;\"><strong><\/strong><\/span><\/p>\n<p><span style=\"color: #000000;\"><strong><\/strong><\/span><\/p>\n<ul>\n<li><span style=\"color: #000000;\">Taster 1 &gt; Bitte steigen Sie ein_Vorsicht an den T\u00fcren und bei der Abfahrt des Zuges<\/span><\/li>\n<li><span style=\"color: #000000;\">Taster 2 &gt; Abfahrtspfiff der Aufsicht (Trillerpfeife)<\/span><\/li>\n<li><span style=\"color: #000000;\">Taster 3 &gt; Musikst\u00fcck 1 f\u00fcr das Konzert der Freilichtb\u00fchne und Disco im Hotel<\/span><\/li>\n<li><span style=\"color: #000000;\">Taster 4 &gt; Musikst\u00fcck 2 f\u00fcr das Konzert der Freilichtb\u00fchne und Disco im Hotel<\/span><\/li>\n<li><span style=\"color: #000000;\">Taster 5 &gt; Musikst\u00fcck 3 f\u00fcr das Konzert der Freilichtb\u00fchne und Disco im Hotel<\/span><\/li>\n<\/ul>\n<p>[\/et_pb_text][\/et_pb_column][\/et_pb_row][et_pb_row column_structure=&#8220;1_2,1_2&#8243; _builder_version=&#8220;4.27.4&#8243; _module_preset=&#8220;default&#8220; global_colors_info=&#8220;{}&#8220;][et_pb_column type=&#8220;1_2&#8243; _builder_version=&#8220;4.27.4&#8243; _module_preset=&#8220;default&#8220; global_colors_info=&#8220;{}&#8220;][et_pb_audio title=&#8220;Taste 1&#8243; artist_name=&#8220;Soundmodul&#8220; _builder_version=&#8220;4.27.4&#8243; _module_preset=&#8220;default&#8220; title_level=&#8220;h6&#8243; hover_enabled=&#8220;0&#8243; global_colors_info=&#8220;{}&#8220; audio=&#8220;https:\/\/teico44.com\/wp-content\/uploads\/2025\/06\/01-Abfahrt-2025-06-29.mp3&#8243; sticky_enabled=&#8220;0&#8243;][\/et_pb_audio][\/et_pb_column][et_pb_column type=&#8220;1_2&#8243; _builder_version=&#8220;4.27.4&#8243; _module_preset=&#8220;default&#8220; global_colors_info=&#8220;{}&#8220;][et_pb_audio title=&#8220;Taste 2&#8243; artist_name=&#8220;Soundmodul&#8220; _builder_version=&#8220;4.27.4&#8243; _module_preset=&#8220;default&#8220; title_level=&#8220;h6&#8243; hover_enabled=&#8220;0&#8243; global_colors_info=&#8220;{}&#8220; sticky_enabled=&#8220;0&#8243; audio=&#8220;https:\/\/teico44.com\/wp-content\/uploads\/2025\/06\/02-Pfiff-2025-06-29.mp3&#8243;][\/et_pb_audio][\/et_pb_column][\/et_pb_row][et_pb_row _builder_version=&#8220;4.16&#8243; _module_preset=&#8220;default&#8220; max_width=&#8220;950px&#8220; global_colors_info=&#8220;{}&#8220;][et_pb_column type=&#8220;4_4&#8243; _builder_version=&#8220;4.16&#8243; _module_preset=&#8220;default&#8220; global_colors_info=&#8220;{}&#8220;][et_pb_text _builder_version=&#8220;4.20.2&#8243; _module_preset=&#8220;default&#8220; global_colors_info=&#8220;{}&#8220;]<\/p>\n<h5><span style=\"color: #000000;\"><strong>Ger\u00e4uschmodul-01<\/strong><\/span><\/h5>\n<p><span style=\"color: #000000;\"><strong><\/strong><\/span><\/p>\n<p><span style=\"color: #000000;\">F\u00fcr die Einsatzfahrzeuge Feuerwehr ist das Ger\u00e4uschmodul Martinshorn im Einsatz.<\/span><\/p>\n<p>[\/et_pb_text][\/et_pb_column][\/et_pb_row][et_pb_row _builder_version=&#8220;4.16&#8243; _module_preset=&#8220;default&#8220; max_width=&#8220;950px&#8220; global_colors_info=&#8220;{}&#8220;][et_pb_column type=&#8220;4_4&#8243; _builder_version=&#8220;4.16&#8243; _module_preset=&#8220;default&#8220; global_colors_info=&#8220;{}&#8220;][et_pb_image src=&#8220;https:\/\/teico44.com\/wp-content\/uploads\/2021\/01\/Viessmann-5041-neu.jpg&#8220; title_text=&#8220;Viessmann 5041 neu&#8220; _builder_version=&#8220;4.16&#8243; _module_preset=&#8220;default&#8220; global_colors_info=&#8220;{}&#8220;][\/et_pb_image][\/et_pb_column][\/et_pb_row][et_pb_row _builder_version=&#8220;4.16&#8243; _module_preset=&#8220;default&#8220; max_width=&#8220;950px&#8220; global_colors_info=&#8220;{}&#8220;][et_pb_column type=&#8220;4_4&#8243; _builder_version=&#8220;4.16&#8243; _module_preset=&#8220;default&#8220; global_colors_info=&#8220;{}&#8220;][et_pb_text _builder_version=&#8220;4.16&#8243; _module_preset=&#8220;default&#8220; global_colors_info=&#8220;{}&#8220;]<\/p>\n<h5><span style=\"color: #000000;\"><strong>Folgende \u00c4nderungen habe ich vorgenommen<\/strong><\/span><\/h5>\n<p><span style=\"color: #000000;\"><strong><\/strong><\/span><\/p>\n<p><span style=\"color: #000000;\">Den mitgelieferten Lautsprecher habe ich unter die Anlage geklebt. Weiterhin ist dieser mit 3 Lagen Isolierband beklebt um die Lautst\u00e4rke der Wiedergabe zu vermindern. Die Pausenfunktion habe ich deaktiviert.<br \/><\/span><\/p>\n<p>[\/et_pb_text][\/et_pb_column][\/et_pb_row][\/et_pb_section]<\/p>\n","protected":false},"excerpt":{"rendered":"<p>Soundmodule \/ Ger\u00e4uschmodule F\u00fcr den Soundeinsatz ohne Computer kommen handels\u00fcbliche Sound- und Ger\u00e4uschmodule sowie kleine selbstbespielbare Micro SD-Karten Player zum Einsatz. MP3-Soundmodul Dieses Soundmodul hat 5 Schalter wo man 5 programmierte Sounds nacheinander wiedergeben kann. Wiedergegeben werden Sounds im Format MP3 mit einer Samplingrate von 44,1 kHz und einer Bitrate von 48 kB\/s. Der DAC [&hellip;]<\/p>\n","protected":false},"author":1,"featured_media":0,"parent":0,"menu_order":0,"comment_status":"closed","ping_status":"closed","template":"","meta":{"_et_pb_use_builder":"on","_et_pb_old_content":"","_et_gb_content_width":"","footnotes":""},"class_list":["post-1120","page","type-page","status-publish","hentry"],"_links":{"self":[{"href":"https:\/\/teico44.com\/index.php?rest_route=\/wp\/v2\/pages\/1120","targetHints":{"allow":["GET"]}}],"collection":[{"href":"https:\/\/teico44.com\/index.php?rest_route=\/wp\/v2\/pages"}],"about":[{"href":"https:\/\/teico44.com\/index.php?rest_route=\/wp\/v2\/types\/page"}],"author":[{"embeddable":true,"href":"https:\/\/teico44.com\/index.php?rest_route=\/wp\/v2\/users\/1"}],"replies":[{"embeddable":true,"href":"https:\/\/teico44.com\/index.php?rest_route=%2Fwp%2Fv2%2Fcomments&post=1120"}],"version-history":[{"count":20,"href":"https:\/\/teico44.com\/index.php?rest_route=\/wp\/v2\/pages\/1120\/revisions"}],"predecessor-version":[{"id":6092,"href":"https:\/\/teico44.com\/index.php?rest_route=\/wp\/v2\/pages\/1120\/revisions\/6092"}],"wp:attachment":[{"href":"https:\/\/teico44.com\/index.php?rest_route=%2Fwp%2Fv2%2Fmedia&parent=1120"}],"curies":[{"name":"wp","href":"https:\/\/api.w.org\/{rel}","templated":true}]}}